Last updated on 2025-07-12 22:49:15 CEST.
Flavor | Version | Tinstall | Tcheck | Ttotal | Status | Flags |
---|---|---|---|---|---|---|
r-devel-linux-x86_64-debian-clang | 3.0.3 | 65.56 | 84.67 | 150.23 | OK | |
r-devel-linux-x86_64-debian-gcc | 3.0.3 | 57.39 | 64.17 | 121.56 | OK | |
r-devel-linux-x86_64-fedora-clang | 3.0.3 | 232.13 | OK | |||
r-devel-linux-x86_64-fedora-gcc | 3.0.3 | 264.13 | OK | |||
r-devel-windows-x86_64 | 3.0.3 | 67.00 | 109.00 | 176.00 | OK | |
r-patched-linux-x86_64 | 3.0.3 | 78.70 | 85.36 | 164.06 | OK | |
r-release-linux-x86_64 | 3.0.3 | 81.25 | 85.24 | 166.49 | OK | |
r-release-macos-arm64 | 3.0.3 | 78.00 | OK | |||
r-release-macos-x86_64 | 3.0.3 | 131.00 | OK | |||
r-release-windows-x86_64 | 3.0.3 | 66.00 | 113.00 | 179.00 | OK | |
r-oldrel-macos-arm64 | 3.0.3 | 72.00 | NOTE | |||
r-oldrel-macos-x86_64 | 3.0.3 | 195.00 | NOTE | |||
r-oldrel-windows-x86_64 | 3.0.3 | 81.00 | 137.00 | 218.00 | OK |
Version: 3.0.3
Check: installed package size
Result: NOTE
installed size is 28.6Mb
sub-directories of 1Mb or more:
libs 27.9Mb
Flavors: r-oldrel-macos-arm64, r-oldrel-macos-x86_64