Last updated on 2025-07-12 22:49:15 CEST.
Flavor | Version | Tinstall | Tcheck | Ttotal | Status | Flags |
---|---|---|---|---|---|---|
r-devel-linux-x86_64-debian-clang | 1.2.1 | 38.96 | 101.11 | 140.07 | OK | |
r-devel-linux-x86_64-debian-gcc | 1.2.1 | 26.21 | 76.68 | 102.89 | OK | |
r-devel-linux-x86_64-fedora-clang | 1.2.1 | 240.89 | OK | |||
r-devel-linux-x86_64-fedora-gcc | 1.2.1 | 245.31 | OK | |||
r-devel-windows-x86_64 | 1.2.1 | 51.00 | 124.00 | 175.00 | OK | |
r-patched-linux-x86_64 | 1.2.1 | 38.63 | 101.99 | 140.62 | OK | |
r-release-linux-x86_64 | 1.2.1 | 37.76 | 101.49 | 139.25 | OK | |
r-release-macos-arm64 | 1.2.1 | 76.00 | OK | |||
r-release-macos-x86_64 | 1.2.1 | 112.00 | OK | |||
r-release-windows-x86_64 | 1.2.1 | 53.00 | 131.00 | 184.00 | OK | |
r-oldrel-macos-arm64 | 1.2.1 | 77.00 | NOTE | |||
r-oldrel-macos-x86_64 | 1.2.1 | 119.00 | NOTE | |||
r-oldrel-windows-x86_64 | 1.2.1 | 60.00 | 164.00 | 224.00 | NOTE |
Version: 1.2.1
Check: for GNU extensions in Makefiles
Result: NOTE
GNU make is a SystemRequirements.
Flavors: r-oldrel-macos-arm64, r-oldrel-macos-x86_64, r-oldrel-windows-x86_64