Last updated on 2024-05-23 14:48:19 CEST.
Flavor | Version | Tinstall | Tcheck | Ttotal | Status | Flags |
---|---|---|---|---|---|---|
r-devel-linux-x86_64-debian-clang | 2.51 | 411.76 | 461.52 | 873.28 | OK | |
r-devel-linux-x86_64-debian-gcc | 2.51 | 315.80 | 322.49 | 638.29 | OK | |
r-devel-linux-x86_64-fedora-clang | 2.51 | 1107.29 | NOTE | |||
r-devel-linux-x86_64-fedora-gcc | 2.51 | 1224.12 | OK | |||
r-devel-windows-x86_64 | 2.51 | 320.00 | 334.00 | 654.00 | NOTE | |
r-patched-linux-x86_64 | 2.51 | 396.37 | 431.40 | 827.77 | OK | |
r-release-linux-x86_64 | 2.51 | 436.24 | 430.73 | 866.97 | OK | |
r-release-macos-arm64 | 2.51 | 204.00 | NOTE | |||
r-release-windows-x86_64 | 2.51 | 319.00 | 330.00 | 649.00 | NOTE | |
r-oldrel-macos-arm64 | 2.51 | 255.00 | NOTE | |||
r-oldrel-macos-x86_64 | 2.51 | 473.00 | NOTE | |||
r-oldrel-windows-x86_64 | 2.51 | 413.00 | 432.00 | 845.00 | NOTE |
Version: 2.51
Check: installed package size
Result: NOTE
installed size is 6.7Mb
sub-directories of 1Mb or more:
libs 6.2Mb
Flavors: r-devel-linux-x86_64-fedora-clang, r-devel-windows-x86_64, r-release-macos-arm64, r-release-windows-x86_64, r-oldrel-macos-arm64, r-oldrel-macos-x86_64, r-oldrel-windows-x86_64