CRAN Package Check Results for Package ModelMatrixModel

Last updated on 2025-07-13 04:48:53 CEST.

Flavor Version Tinstall Tcheck Ttotal Status Flags
r-devel-linux-x86_64-debian-clang 0.1.0 1.85 28.12 29.97 NOTE
r-devel-linux-x86_64-debian-gcc 0.1.0 1.50 22.92 24.42 NOTE
r-devel-linux-x86_64-fedora-clang 0.1.0 47.07 OK
r-devel-linux-x86_64-fedora-gcc 0.1.0 58.04 OK
r-devel-windows-x86_64 0.1.0 2.00 54.00 56.00 OK
r-patched-linux-x86_64 0.1.0 1.82 26.69 28.51 OK
r-release-linux-x86_64 0.1.0 1.72 26.28 28.00 OK
r-release-macos-arm64 0.1.0 28.00 OK
r-release-macos-x86_64 0.1.0 48.00 OK
r-release-windows-x86_64 0.1.0 3.00 56.00 59.00 OK
r-oldrel-macos-arm64 0.1.0 24.00 OK
r-oldrel-macos-x86_64 0.1.0 37.00 OK
r-oldrel-windows-x86_64 0.1.0 4.00 59.00 63.00 OK

Check Details

Version: 0.1.0
Check: CRAN incoming feasibility
Result: NOTE Maintainer: ‘Xinyong Tian <xinyongtian@gmail.com>’ No Authors@R field in DESCRIPTION. Please add one, modifying Authors@R: person(given = "Xinyong", family = "Tian", role = c("aut", "cre"), email = "xinyongtian@gmail.com") as necessary. Flavors: r-devel-linux-x86_64-debian-clang, r-devel-linux-x86_64-debian-gcc