CRAN Package Check Results for Package MultivariateRandomForest

Last updated on 2025-07-13 04:48:54 CEST.

Flavor Version Tinstall Tcheck Ttotal Status Flags
r-devel-linux-x86_64-debian-clang 1.1.5 13.60 23.99 37.59 NOTE
r-devel-linux-x86_64-debian-gcc 1.1.5 9.51 19.63 29.14 NOTE
r-devel-linux-x86_64-fedora-clang 1.1.5 62.64 OK
r-devel-linux-x86_64-fedora-gcc 1.1.5 59.39 OK
r-devel-windows-x86_64 1.1.5 16.00 62.00 78.00 OK
r-patched-linux-x86_64 1.1.5 12.70 22.96 35.66 OK
r-release-linux-x86_64 1.1.5 13.57 22.90 36.47 OK
r-release-macos-arm64 1.1.5 22.00 OK
r-release-macos-x86_64 1.1.5 36.00 OK
r-release-windows-x86_64 1.1.5 15.00 64.00 79.00 OK
r-oldrel-macos-arm64 1.1.5 28.00 OK
r-oldrel-macos-x86_64 1.1.5 30.00 OK
r-oldrel-windows-x86_64 1.1.5 15.00 74.00 89.00 OK

Check Details

Version: 1.1.5
Check: CRAN incoming feasibility
Result: NOTE Maintainer: ‘Raziur Rahman <razeeebuet@gmail.com>’ No Authors@R field in DESCRIPTION. Please add one, modifying Authors@R: person(given = "Raziur", family = "Rahman", role = c("aut", "cre"), email = "razeeebuet@gmail.com") as necessary. Flavors: r-devel-linux-x86_64-debian-clang, r-devel-linux-x86_64-debian-gcc