Last updated on 2024-06-16 13:53:36 CEST.
Flavor | Version | Tinstall | Tcheck | Ttotal | Status | Flags |
---|---|---|---|---|---|---|
r-devel-linux-x86_64-debian-clang | 0.3 | 9.13 | 105.67 | 114.80 | NOTE | |
r-devel-linux-x86_64-debian-gcc | 0.3 | 8.46 | 77.65 | 86.11 | NOTE | |
r-devel-linux-x86_64-fedora-clang | 0.3 | 140.71 | NOTE | |||
r-devel-linux-x86_64-fedora-gcc | 0.3 | 133.80 | NOTE | |||
r-devel-windows-x86_64 | 0.3 | 10.00 | 90.00 | 100.00 | NOTE | |
r-patched-linux-x86_64 | 0.3 | 10.64 | 100.38 | 111.02 | NOTE | |
r-release-linux-x86_64 | 0.3 | 9.81 | 100.24 | 110.05 | NOTE | |
r-release-macos-arm64 | 0.3 | 40.00 | NOTE | |||
r-release-macos-x86_64 | 0.3 | 63.00 | NOTE | |||
r-release-windows-x86_64 | 0.3 | 11.00 | 88.00 | 99.00 | NOTE | |
r-oldrel-macos-arm64 | 0.3 | 45.00 | NOTE | |||
r-oldrel-macos-x86_64 | 0.3 | 74.00 | NOTE | |||
r-oldrel-windows-x86_64 | 0.3 | 13.00 | 116.00 | 129.00 | NOTE |
Version: 0.3
Check: LazyData
Result: NOTE
'LazyData' is specified without a 'data' directory
Flavors: r-devel-linux-x86_64-debian-clang, r-devel-linux-x86_64-debian-gcc, r-devel-linux-x86_64-fedora-clang, r-devel-linux-x86_64-fedora-gcc, r-devel-windows-x86_64, r-patched-linux-x86_64, r-release-linux-x86_64, r-release-macos-arm64, r-release-macos-x86_64, r-release-windows-x86_64, r-oldrel-macos-arm64, r-oldrel-macos-x86_64, r-oldrel-windows-x86_64
Version: 0.3
Check: dependencies in R code
Result: NOTE
Namespaces in Imports field not imported from:
‘randomForest’ ‘ranger’
All declared Imports should be used.
Flavors: r-devel-linux-x86_64-fedora-clang, r-devel-linux-x86_64-fedora-gcc