CRAN Package Check Results for Package PTERP

Last updated on 2025-07-13 04:48:57 CEST.

Flavor Version Tinstall Tcheck Ttotal Status Flags
r-devel-linux-x86_64-debian-clang 1.0 6.68 55.95 62.63 NOTE
r-devel-linux-x86_64-debian-gcc 1.0 5.13 43.76 48.89 NOTE
r-devel-linux-x86_64-fedora-clang 1.0 96.49 OK
r-devel-linux-x86_64-fedora-gcc 1.0 90.44 OK
r-devel-windows-x86_64 1.0 8.00 72.00 80.00 OK
r-patched-linux-x86_64 1.0 6.93 53.19 60.12 OK
r-release-linux-x86_64 1.0 7.22 52.98 60.20 OK
r-release-macos-arm64 1.0 36.00 OK
r-release-macos-x86_64 1.0 55.00 OK
r-release-windows-x86_64 1.0 7.00 74.00 81.00 OK
r-oldrel-macos-arm64 1.0 32.00 OK
r-oldrel-macos-x86_64 1.0 45.00 OK
r-oldrel-windows-x86_64 1.0 9.00 85.00 94.00 OK

Check Details

Version: 1.0
Check: CRAN incoming feasibility
Result: NOTE Maintainer: ‘Layla Parast <parast@austin.utexas.edu>’ The Description field contains available in Wang et al (2022) <arXiv:2209.08414>. Please refer to arXiv e-prints via their arXiv DOI <doi:10.48550/arXiv.YYMM.NNNNN>. Flavors: r-devel-linux-x86_64-debian-clang, r-devel-linux-x86_64-debian-gcc