Last updated on 2025-04-29 07:50:24 CEST.
Flavor | Version | Tinstall | Tcheck | Ttotal | Status | Flags |
---|---|---|---|---|---|---|
r-devel-linux-x86_64-debian-clang | 0.1.2 | 1.57 | 19.01 | 20.58 | OK | |
r-devel-linux-x86_64-debian-gcc | 0.1.2 | 1.33 | 16.03 | 17.36 | NOTE | |
r-devel-linux-x86_64-fedora-clang | 0.1.2 | 32.34 | OK | |||
r-devel-linux-x86_64-fedora-gcc | 0.1.2 | 31.18 | OK | |||
r-devel-windows-x86_64 | 0.1.2 | 2.00 | 43.00 | 45.00 | OK | |
r-patched-linux-x86_64 | 0.1.2 | 1.63 | 18.85 | 20.48 | OK | |
r-release-linux-x86_64 | 0.1.2 | 1.70 | 18.80 | 20.50 | OK | |
r-release-macos-arm64 | 0.1.2 | 16.00 | OK | |||
r-release-macos-x86_64 | 0.1.2 | 28.00 | OK | |||
r-release-windows-x86_64 | 0.1.2 | 3.00 | 43.00 | 46.00 | OK | |
r-oldrel-macos-arm64 | 0.1.2 | 15.00 | OK | |||
r-oldrel-macos-x86_64 | 0.1.2 | 22.00 | OK | |||
r-oldrel-windows-x86_64 | 0.1.2 | 2.00 | 43.00 | 45.00 | OK |
Version: 0.1.2
Check: CRAN incoming feasibility
Result: NOTE
Maintainer: ‘Julien Idé <julien.ide.fr@gmail.com>’
No Authors@R field in DESCRIPTION.
Please add one, modifying
Authors@R: person(given = "Julien",
family = "Idé",
role = c("aut", "cre"),
email = "julien.ide.fr@gmail.com")
as necessary.
Flavor: r-devel-linux-x86_64-debian-gcc