Last updated on 2025-07-12 22:49:17 CEST.
Flavor | Version | Tinstall | Tcheck | Ttotal | Status | Flags |
---|---|---|---|---|---|---|
r-devel-linux-x86_64-debian-clang | 1.7.2 | 51.61 | 428.48 | 480.09 | NOTE | |
r-devel-linux-x86_64-debian-gcc | 1.7.2 | 38.72 | 323.58 | 362.30 | NOTE | |
r-devel-linux-x86_64-fedora-clang | 1.7.2 | 745.94 | OK | |||
r-devel-linux-x86_64-fedora-gcc | 1.7.2 | 704.06 | OK | |||
r-devel-windows-x86_64 | 1.7.2 | 55.00 | 344.00 | 399.00 | OK | |
r-patched-linux-x86_64 | 1.7.2 | 50.99 | 403.88 | 454.87 | OK | |
r-release-linux-x86_64 | 1.7.2 | 49.97 | 405.83 | 455.80 | OK | |
r-release-macos-arm64 | 1.7.2 | 185.00 | OK | |||
r-release-macos-x86_64 | 1.7.2 | 345.00 | OK | |||
r-release-windows-x86_64 | 1.7.2 | 53.00 | 352.00 | 405.00 | OK | |
r-oldrel-macos-arm64 | 1.7.2 | 184.00 | OK | |||
r-oldrel-macos-x86_64 | 1.7.2 | 280.00 | OK | |||
r-oldrel-windows-x86_64 | 1.7.2 | 70.00 | 454.00 | 524.00 | OK |
Version: 1.7.2
Check: CRAN incoming feasibility
Result: NOTE
Maintainer: ‘Yves Rozenholc <yves.rozenholc@parisdescartes.fr>’
No Authors@R field in DESCRIPTION.
Please add one, modifying
Authors@R: c(person(given = "Yves",
family = "Rozenholc",
role = c("aut", "cre"),
email = "yves.rozenholc@parisdescartes.fr"),
person(given = "Nicolas",
family = "Pécuchet",
role = "aut"),
person(given = "Pierre",
family = "Laurent-Puig",
role = "aut"))
as necessary.
Flavors: r-devel-linux-x86_64-debian-clang, r-devel-linux-x86_64-debian-gcc