Last updated on 2025-07-12 22:49:18 CEST.
Flavor | Version | Tinstall | Tcheck | Ttotal | Status | Flags |
---|---|---|---|---|---|---|
r-devel-linux-x86_64-debian-clang | 2.1.0 | 21.96 | 286.19 | 308.15 | NOTE | |
r-devel-linux-x86_64-debian-gcc | 2.1.0 | 12.39 | 172.06 | 184.45 | NOTE | |
r-devel-linux-x86_64-fedora-clang | 2.1.0 | 485.29 | OK | |||
r-devel-linux-x86_64-fedora-gcc | 2.1.0 | 708.51 | OK | |||
r-devel-windows-x86_64 | 2.1.0 | 25.00 | 161.00 | 186.00 | OK | --no-vignettes |
r-patched-linux-x86_64 | 2.1.0 | 26.38 | 269.51 | 295.89 | NOTE | |
r-release-linux-x86_64 | 2.1.0 | 20.83 | 273.15 | 293.98 | NOTE | |
r-release-macos-arm64 | 2.1.0 | 222.00 | OK | |||
r-release-macos-x86_64 | 2.1.0 | 470.00 | OK | |||
r-release-windows-x86_64 | 2.1.0 | 26.00 | 169.00 | 195.00 | OK | --no-vignettes |
r-oldrel-macos-arm64 | 2.1.0 | 166.00 | OK | |||
r-oldrel-macos-x86_64 | 2.1.0 | 413.00 | OK | |||
r-oldrel-windows-x86_64 | 2.1.0 | 36.00 | 184.00 | 220.00 | OK | --no-vignettes |
Version: 2.1.0
Check: for unstated dependencies in ‘demo’
Result: NOTE
'::' or ':::' import not declared from: ‘RPESE’
'library' or 'require' calls not declared from:
‘TTR’ ‘doMC’
Flavors: r-devel-linux-x86_64-debian-clang, r-devel-linux-x86_64-debian-gcc, r-patched-linux-x86_64, r-release-linux-x86_64