Last updated on 2025-07-12 22:49:19 CEST.
Flavor | Version | Tinstall | Tcheck | Ttotal | Status | Flags |
---|---|---|---|---|---|---|
r-devel-linux-x86_64-debian-clang | 1.8.0 | 79.55 | 24.48 | 104.03 | OK | |
r-devel-linux-x86_64-debian-gcc | 1.8.0 | 74.68 | 20.68 | 95.36 | OK | |
r-devel-linux-x86_64-fedora-clang | 1.8.0 | 182.55 | OK | |||
r-devel-linux-x86_64-fedora-gcc | 1.8.0 | 225.94 | OK | |||
r-devel-windows-x86_64 | 1.8.0 | 125.00 | 59.00 | 184.00 | OK | |
r-patched-linux-x86_64 | 1.8.0 | 99.16 | 22.33 | 121.49 | OK | |
r-release-linux-x86_64 | 1.8.0 | 98.05 | 22.38 | 120.43 | OK | |
r-release-macos-arm64 | 1.8.0 | 104.00 | OK | |||
r-release-macos-x86_64 | 1.8.0 | 169.00 | OK | |||
r-release-windows-x86_64 | 1.8.0 | 125.00 | 63.00 | 188.00 | OK | |
r-oldrel-macos-arm64 | 1.8.0 | 97.00 | NOTE | |||
r-oldrel-macos-x86_64 | 1.8.0 | 156.00 | NOTE | |||
r-oldrel-windows-x86_64 | 1.8.0 | 111.00 | 70.00 | 181.00 | NOTE |
Version: 1.8.0
Check: installed package size
Result: NOTE
installed size is 7.5Mb
sub-directories of 1Mb or more:
libs 7.1Mb
Flavors: r-oldrel-macos-arm64, r-oldrel-macos-x86_64
Version: 1.8.0
Check: for GNU extensions in Makefiles
Result: NOTE
GNU make is a SystemRequirements.
Flavors: r-oldrel-macos-arm64, r-oldrel-macos-x86_64, r-oldrel-windows-x86_64