Last updated on 2024-06-20 02:57:26 CEST.
Flavor | Version | Tinstall | Tcheck | Ttotal | Status | Flags |
---|---|---|---|---|---|---|
r-devel-linux-x86_64-debian-clang | 2.0.5 | 8.89 | 115.85 | 124.74 | OK | |
r-devel-linux-x86_64-debian-gcc | 2.0.5 | 7.47 | 86.20 | 93.67 | OK | |
r-devel-linux-x86_64-fedora-clang | 2.0.5 | 163.81 | OK | |||
r-devel-linux-x86_64-fedora-gcc | 2.0.5 | 162.63 | OK | |||
r-devel-windows-x86_64 | 2.0.5 | 10.00 | 130.00 | 140.00 | OK | |
r-patched-linux-x86_64 | 2.0.3 | 12.30 | 106.53 | 118.83 | NOTE | |
r-release-linux-x86_64 | 2.0.5 | 8.68 | 107.44 | 116.12 | OK | |
r-release-macos-arm64 | 2.0.5 | 63.00 | OK | |||
r-release-macos-x86_64 | 2.0.5 | 159.00 | OK | |||
r-release-windows-x86_64 | 2.0.5 | 12.00 | 129.00 | 141.00 | OK | |
r-oldrel-macos-arm64 | 2.0.5 | 75.00 | OK | |||
r-oldrel-macos-x86_64 | 2.0.5 | 128.00 | OK | |||
r-oldrel-windows-x86_64 | 2.0.5 | 13.00 | 150.00 | 163.00 | OK |
Version: 2.0.3
Check: Rd files
Result: NOTE
checkRd: (-1) aqs_annualsummary_by_box.Rd:73: Escaped LaTeX specials: \$
checkRd: (-1) aqs_annualsummary_by_box.Rd:75: Escaped LaTeX specials: \$
checkRd: (-1) aqs_annualsummary_by_cbsa.Rd:54: Escaped LaTeX specials: \$
checkRd: (-1) aqs_annualsummary_by_cbsa.Rd:55: Escaped LaTeX specials: \$
checkRd: (-1) aqs_annualsummary_by_county.Rd:64: Escaped LaTeX specials: \$
checkRd: (-1) aqs_annualsummary_by_county.Rd:65: Escaped LaTeX specials: \$
checkRd: (-1) aqs_annualsummary_by_site.Rd:69: Escaped LaTeX specials: \$
checkRd: (-1) aqs_annualsummary_by_site.Rd:70: Escaped LaTeX specials: \$
checkRd: (-1) aqs_annualsummary_by_state.Rd:56: Escaped LaTeX specials: \$
checkRd: (-1) aqs_annualsummary_by_state.Rd:57: Escaped LaTeX specials: \$
checkRd: (-1) aqs_dailysummary_by_box.Rd:75: Escaped LaTeX specials: \$
checkRd: (-1) aqs_dailysummary_by_box.Rd:76: Escaped LaTeX specials: \$
checkRd: (-1) aqs_dailysummary_by_cbsa.Rd:55: Escaped LaTeX specials: \$
checkRd: (-1) aqs_dailysummary_by_cbsa.Rd:56: Escaped LaTeX specials: \$
checkRd: (-1) aqs_dailysummary_by_county.Rd:64: Escaped LaTeX specials: \$
checkRd: (-1) aqs_dailysummary_by_county.Rd:65: Escaped LaTeX specials: \$
checkRd: (-1) aqs_dailysummary_by_site.Rd:68: Escaped LaTeX specials: \$
checkRd: (-1) aqs_dailysummary_by_site.Rd:69: Escaped LaTeX specials: \$
checkRd: (-1) aqs_dailysummary_by_state.Rd:57: Escaped LaTeX specials: \$
checkRd: (-1) aqs_dailysummary_by_state.Rd:58: Escaped LaTeX specials: \$
checkRd: (-1) aqs_monitors_by_cbsa.Rd:55: Escaped LaTeX specials: \$
checkRd: (-1) aqs_monitors_by_cbsa.Rd:56: Escaped LaTeX specials: \$
checkRd: (-1) aqs_qa_flowrateaudit_by_MA.Rd:55: Escaped LaTeX specials: \$
checkRd: (-1) aqs_qa_flowrateaudit_by_MA.Rd:56: Escaped LaTeX specials: \$
checkRd: (-1) aqs_qa_flowrateaudit_by_county.Rd:64: Escaped LaTeX specials: \$
checkRd: (-1) aqs_qa_flowrateaudit_by_county.Rd:65: Escaped LaTeX specials: \$
checkRd: (-1) aqs_qa_flowrateaudit_by_pqao.Rd:55: Escaped LaTeX specials: \$
checkRd: (-1) aqs_qa_flowrateaudit_by_pqao.Rd:56: Escaped LaTeX specials: \$
checkRd: (-1) aqs_qa_flowrateaudit_by_site.Rd:68: Escaped LaTeX specials: \$
checkRd: (-1) aqs_qa_flowrateaudit_by_site.Rd:69: Escaped LaTeX specials: \$
checkRd: (-1) aqs_qa_flowrateaudit_by_state.Rd:57: Escaped LaTeX specials: \$
checkRd: (-1) aqs_qa_flowrateaudit_by_state.Rd:58: Escaped LaTeX specials: \$
checkRd: (-1) aqs_qa_one_point_qc_by_MA.Rd:54: Escaped LaTeX specials: \$
checkRd: (-1) aqs_qa_one_point_qc_by_MA.Rd:56: Escaped LaTeX specials: \$
checkRd: (-1) aqs_qa_one_point_qc_by_county.Rd:63: Escaped LaTeX specials: \$
checkRd: (-1) aqs_qa_one_point_qc_by_county.Rd:65: Escaped LaTeX specials: \$
checkRd: (-1) aqs_qa_one_point_qc_by_pqao.Rd:54: Escaped LaTeX specials: \$
checkRd: (-1) aqs_qa_one_point_qc_by_site.Rd:67: Escaped LaTeX specials: \$
checkRd: (-1) aqs_qa_one_point_qc_by_site.Rd:69: Escaped LaTeX specials: \$
checkRd: (-1) aqs_qa_one_point_qc_by_state.Rd:56: Escaped LaTeX specials: \$
checkRd: (-1) aqs_qa_one_point_qc_by_state.Rd:58: Escaped LaTeX specials: \$
checkRd: (-1) aqs_qa_pep_audit_by_MA.Rd:55: Escaped LaTeX specials: \$
checkRd: (-1) aqs_qa_pep_audit_by_MA.Rd:56: Escaped LaTeX specials: \$
checkRd: (-1) aqs_qa_pep_audit_by_county.Rd:63: Escaped LaTeX specials: \$
checkRd: (-1) aqs_qa_pep_audit_by_county.Rd:65: Escaped LaTeX specials: \$
checkRd: (-1) aqs_qa_pep_audit_by_pqao.Rd:55: Escaped LaTeX specials: \$
checkRd: (-1) aqs_qa_pep_audit_by_pqao.Rd:56: Escaped LaTeX specials: \$
checkRd: (-1) aqs_qa_pep_audit_by_site.Rd:67: Escaped LaTeX specials: \$
checkRd: (-1) aqs_qa_pep_audit_by_site.Rd:69: Escaped LaTeX specials: \$
checkRd: (-1) aqs_qa_pep_audit_by_state.Rd:56: Escaped LaTeX specials: \$
checkRd: (-1) aqs_qa_pep_audit_by_state.Rd:58: Escaped LaTeX specials: \$
checkRd: (-1) aqs_quarterlysummary_by_box.Rd:75: Escaped LaTeX specials: \$
checkRd: (-1) aqs_quarterlysummary_by_box.Rd:76: Escaped LaTeX specials: \$
checkRd: (-1) aqs_quarterlysummary_by_cbsa.Rd:56: Escaped LaTeX specials: \$
checkRd: (-1) aqs_quarterlysummary_by_cbsa.Rd:57: Escaped LaTeX specials: \$
checkRd: (-1) aqs_quarterlysummary_by_county.Rd:64: Escaped LaTeX specials: \$
checkRd: (-1) aqs_quarterlysummary_by_county.Rd:65: Escaped LaTeX specials: \$
checkRd: (-1) aqs_quarterlysummary_by_site.Rd:68: Escaped LaTeX specials: \$
checkRd: (-1) aqs_quarterlysummary_by_site.Rd:69: Escaped LaTeX specials: \$
checkRd: (-1) aqs_quarterlysummary_by_state.Rd:57: Escaped LaTeX specials: \$
checkRd: (-1) aqs_quarterlysummary_by_state.Rd:58: Escaped LaTeX specials: \$
checkRd: (-1) aqs_sampledurations.Rd:25: Lost braces; missing escapes or markup?
25 | durations such as 8 hour CO or O${_3}$ rolling averages, 3/6
| ^
Flavor: r-patched-linux-x86_64