Last updated on 2025-07-12 22:49:19 CEST.
Flavor | Version | Tinstall | Tcheck | Ttotal | Status | Flags |
---|---|---|---|---|---|---|
r-devel-linux-x86_64-debian-clang | 0.2.6 | 46.31 | 363.15 | 409.46 | OK | |
r-devel-linux-x86_64-debian-gcc | 0.2.6 | 35.64 | 262.39 | 298.03 | OK | |
r-devel-linux-x86_64-fedora-clang | 0.2.6 | 697.19 | OK | |||
r-devel-linux-x86_64-fedora-gcc | 0.2.6 | 665.70 | OK | |||
r-devel-windows-x86_64 | 0.2.6 | 49.00 | 357.00 | 406.00 | OK | |
r-patched-linux-x86_64 | 0.2.6 | 46.29 | 344.34 | 390.63 | OK | |
r-release-linux-x86_64 | 0.2.6 | 42.39 | 350.04 | 392.43 | OK | |
r-release-macos-arm64 | 0.2.6 | 167.00 | OK | |||
r-release-macos-x86_64 | 0.2.6 | 314.00 | OK | |||
r-release-windows-x86_64 | 0.2.6 | 46.00 | 314.00 | 360.00 | OK | |
r-oldrel-macos-arm64 | 0.2.6 | 175.00 | NOTE | |||
r-oldrel-macos-x86_64 | 0.2.6 | 387.00 | NOTE | |||
r-oldrel-windows-x86_64 | 0.2.6 | 65.00 | 425.00 | 490.00 | NOTE |
Version: 0.2.6
Check: package dependencies
Result: NOTE
Packages suggested but not available for checking:
'hgu133plus2.db', 'pd.hg.u133.plus.2'
Flavor: r-oldrel-macos-arm64
Version: 0.2.6
Check: package dependencies
Result: NOTE
Package suggested but not available for checking: ‘pd.hg.u133.plus.2’
Flavors: r-oldrel-macos-x86_64, r-oldrel-windows-x86_64