Last updated on 2024-06-15 19:55:09 CEST.
Flavor | Version | Tinstall | Tcheck | Ttotal | Status | Flags |
---|---|---|---|---|---|---|
r-devel-linux-x86_64-debian-clang | 1.3.4 | 112.37 | 451.85 | 564.22 | OK | |
r-devel-linux-x86_64-debian-gcc | 1.3.4 | 88.28 | 319.13 | 407.41 | OK | |
r-devel-linux-x86_64-fedora-clang | 1.3.4 | 703.85 | NOTE | |||
r-devel-linux-x86_64-fedora-gcc | 1.3.4 | 674.84 | NOTE | |||
r-devel-windows-x86_64 | 1.3.4 | 113.00 | 420.00 | 533.00 | NOTE | |
r-patched-linux-x86_64 | 1.3.4 | 107.96 | 449.49 | 557.45 | OK | |
r-release-linux-x86_64 | 1.3.4 | 101.05 | 436.77 | 537.82 | OK | |
r-release-macos-arm64 | 1.3.4 | 256.00 | NOTE | |||
r-release-macos-x86_64 | 1.3.4 | 374.00 | NOTE | |||
r-release-windows-x86_64 | 1.3.4 | 96.00 | 421.00 | 517.00 | NOTE | |
r-oldrel-macos-arm64 | 1.3.4 | 330.00 | NOTE | |||
r-oldrel-macos-x86_64 | 1.3.4 | 462.00 | NOTE | |||
r-oldrel-windows-x86_64 | 1.3.4 | 139.00 | 488.00 | 627.00 | NOTE |
Version: 1.3.4
Check: installed package size
Result: NOTE
installed size is 28.3Mb
sub-directories of 1Mb or more:
R 4.0Mb
exe 23.8Mb
Flavors: r-devel-linux-x86_64-fedora-clang, r-devel-windows-x86_64, r-release-macos-arm64, r-release-macos-x86_64, r-release-windows-x86_64, r-oldrel-macos-arm64, r-oldrel-macos-x86_64, r-oldrel-windows-x86_64
Version: 1.3.4
Check: dependencies in R code
Result: NOTE
Namespaces in Imports field not imported from:
‘Matrix’ ‘arules’ ‘pmml’ ‘rJava’
All declared Imports should be used.
Flavors: r-devel-linux-x86_64-fedora-clang, r-devel-linux-x86_64-fedora-gcc