CRAN Package Check Results for Package RKelly

Last updated on 2025-07-13 04:48:59 CEST.

Flavor Version Tinstall Tcheck Ttotal Status Flags
r-devel-linux-x86_64-debian-clang 1.0 1.58 22.60 24.18 OK
r-devel-linux-x86_64-debian-gcc 1.0 1.43 18.91 20.34 OK
r-devel-linux-x86_64-fedora-clang 1.0 38.58 OK
r-devel-linux-x86_64-fedora-gcc 1.0 50.86 OK
r-devel-windows-x86_64 1.0 3.00 44.00 47.00 OK
r-patched-linux-x86_64 1.0 1.72 21.42 23.14 OK
r-release-linux-x86_64 1.0 1.64 21.53 23.17 OK
r-release-macos-arm64 1.0 23.00 OK
r-release-macos-x86_64 1.0 52.00 OK
r-release-windows-x86_64 1.0 4.00 43.00 47.00 OK
r-oldrel-macos-arm64 1.0 20.00 NOTE
r-oldrel-macos-x86_64 1.0 37.00 NOTE
r-oldrel-windows-x86_64 1.0 3.00 49.00 52.00 NOTE

Check Details

Version: 1.0
Check: LazyData
Result: NOTE 'LazyData' is specified without a 'data' directory Flavors: r-oldrel-macos-arm64, r-oldrel-macos-x86_64, r-oldrel-windows-x86_64