Last updated on 2025-07-13 04:49:00 CEST.
Flavor | Version | Tinstall | Tcheck | Ttotal | Status | Flags |
---|---|---|---|---|---|---|
r-devel-linux-x86_64-debian-clang | 2.4.11 | 17.31 | 148.64 | 165.95 | NOTE | |
r-devel-linux-x86_64-debian-gcc | 2.4.11 | 11.33 | 100.33 | 111.66 | NOTE | |
r-devel-linux-x86_64-fedora-clang | 2.4.11 | 258.44 | NOTE | |||
r-devel-linux-x86_64-fedora-gcc | 2.4.11 | 261.25 | NOTE | |||
r-devel-windows-x86_64 | 2.4.11 | 19.00 | 172.00 | 191.00 | NOTE | |
r-patched-linux-x86_64 | 2.4.11 | 17.88 | 139.26 | 157.14 | NOTE | |
r-release-linux-x86_64 | 2.4.11 | 16.60 | 138.92 | 155.52 | NOTE | |
r-release-macos-arm64 | 2.4.11 | 81.00 | NOTE | |||
r-release-macos-x86_64 | 2.4.11 | 161.00 | NOTE | |||
r-release-windows-x86_64 | 2.4.11 | 20.00 | 141.00 | 161.00 | NOTE | |
r-oldrel-macos-arm64 | 2.4.11 | 78.00 | NOTE | |||
r-oldrel-macos-x86_64 | 2.4.11 | 120.00 | NOTE | |||
r-oldrel-windows-x86_64 | 2.4.11 | 26.00 | 204.00 | 230.00 | NOTE |
Version: 2.4.11
Check: Rd files
Result: NOTE
checkRd: (-1) nexml_get.Rd:30: Lost braces in \itemize; meant \describe ?
checkRd: (-1) nexml_get.Rd:31: Lost braces in \itemize; meant \describe ?
checkRd: (-1) nexml_get.Rd:32: Lost braces in \itemize; meant \describe ?
checkRd: (-1) nexml_get.Rd:33: Lost braces in \itemize; meant \describe ?
checkRd: (-1) nexml_get.Rd:34: Lost braces in \itemize; meant \describe ?
checkRd: (-1) nexml_get.Rd:35: Lost braces in \itemize; meant \describe ?
Flavors: r-devel-linux-x86_64-debian-clang, r-devel-linux-x86_64-debian-gcc, r-devel-linux-x86_64-fedora-clang, r-devel-linux-x86_64-fedora-gcc, r-devel-windows-x86_64, r-patched-linux-x86_64, r-release-linux-x86_64, r-release-macos-arm64, r-release-macos-x86_64, r-release-windows-x86_64, r-oldrel-macos-arm64, r-oldrel-macos-x86_64, r-oldrel-windows-x86_64