Last updated on 2025-07-13 04:49:01 CEST.
Flavor | Version | Tinstall | Tcheck | Ttotal | Status | Flags |
---|---|---|---|---|---|---|
r-devel-linux-x86_64-debian-clang | 0.0.5 | 45.05 | 415.21 | 460.26 | OK | |
r-devel-linux-x86_64-debian-gcc | 0.0.5 | 29.11 | 262.91 | 292.02 | OK | |
r-devel-linux-x86_64-fedora-clang | 0.0.5 | 749.21 | OK | |||
r-devel-linux-x86_64-fedora-gcc | 0.0.5 | 757.17 | OK | |||
r-devel-windows-x86_64 | 0.0.5 | 41.00 | 316.00 | 357.00 | OK | |
r-patched-linux-x86_64 | 0.0.5 | 47.68 | 387.78 | 435.46 | OK | |
r-release-linux-x86_64 | 0.0.5 | 40.00 | 384.81 | 424.81 | OK | |
r-release-macos-arm64 | 0.0.3 | 172.00 | OK | |||
r-release-macos-x86_64 | 0.0.5 | 358.00 | OK | |||
r-release-windows-x86_64 | 0.0.5 | 42.00 | 304.00 | 346.00 | OK | |
r-oldrel-macos-arm64 | 0.0.3 | 165.00 | NOTE | |||
r-oldrel-macos-x86_64 | 0.0.5 | 364.00 | NOTE | |||
r-oldrel-windows-x86_64 | 0.0.5 | 59.00 | 438.00 | 497.00 | NOTE |
Version: 0.0.3
Check: package dependencies
Result: NOTE
Package suggested but not available for checking: ‘rnaturalearthhires’
Flavor: r-oldrel-macos-arm64
Version: 0.0.5
Check: package dependencies
Result: NOTE
Package suggested but not available for checking: ‘rnaturalearthhires’
Flavors: r-oldrel-macos-x86_64, r-oldrel-windows-x86_64