Last updated on 2024-06-16 13:53:40 CEST.
Flavor | Version | Tinstall | Tcheck | Ttotal | Status | Flags |
---|---|---|---|---|---|---|
r-devel-linux-x86_64-debian-clang | 0.3.2.1 | 16.60 | 94.68 | 111.28 | OK | |
r-devel-linux-x86_64-debian-gcc | 0.3.2.1 | 10.26 | 70.51 | 80.77 | OK | |
r-devel-linux-x86_64-fedora-clang | 0.3.2.1 | 138.25 | NOTE | |||
r-devel-linux-x86_64-fedora-gcc | 0.3.2.1 | 141.88 | OK | |||
r-devel-windows-x86_64 | 0.3.2.1 | 16.00 | 153.00 | 169.00 | OK | |
r-patched-linux-x86_64 | 0.3.2.1 | 14.52 | 92.38 | 106.90 | OK | |
r-release-linux-x86_64 | 0.3.2.1 | 13.67 | 92.06 | 105.73 | OK | |
r-release-macos-arm64 | 0.3.2.1 | 69.00 | OK | |||
r-release-macos-x86_64 | 0.3.2.1 | 113.00 | OK | |||
r-release-windows-x86_64 | 0.3.2.1 | 17.00 | 164.00 | 181.00 | OK | |
r-oldrel-macos-arm64 | 0.3.2.1 | 56.00 | OK | |||
r-oldrel-macos-x86_64 | 0.3.2.1 | 106.00 | OK | |||
r-oldrel-windows-x86_64 | 0.3.2.1 | 19.00 | 150.00 | 169.00 | OK |
Version: 0.3.2.1
Check: installed package size
Result: NOTE
installed size is 6.2Mb
sub-directories of 1Mb or more:
exdata 2.4Mb
libs 1.9Mb
Flavor: r-devel-linux-x86_64-fedora-clang