Last updated on 2025-07-13 04:48:58 CEST.
Flavor | Version | Tinstall | Tcheck | Ttotal | Status | Flags |
---|---|---|---|---|---|---|
r-devel-linux-x86_64-debian-clang | 0.3.9 | 34.27 | 307.79 | 342.06 | OK | |
r-devel-linux-x86_64-debian-gcc | 0.3.9 | 24.45 | 201.39 | 225.84 | OK | |
r-devel-linux-x86_64-fedora-clang | 0.3.9 | 566.07 | OK | |||
r-devel-linux-x86_64-fedora-gcc | 0.3.9 | 560.86 | OK | |||
r-devel-windows-x86_64 | 0.3.9 | 42.00 | 443.00 | 485.00 | OK | |
r-patched-linux-x86_64 | 0.3.9 | 38.14 | 295.32 | 333.46 | OK | |
r-release-linux-x86_64 | 0.3.9 | 32.92 | 290.33 | 323.25 | OK | |
r-release-macos-arm64 | 0.3.9 | 202.00 | OK | |||
r-release-macos-x86_64 | 0.3.9 | 432.00 | OK | |||
r-release-windows-x86_64 | 0.3.9 | 41.00 | 479.00 | 520.00 | OK | |
r-oldrel-macos-arm64 | 0.3.9 | 193.00 | NOTE | |||
r-oldrel-macos-x86_64 | 0.3.9 | 294.00 | NOTE | |||
r-oldrel-windows-x86_64 | 0.3.9 | 54.00 | 577.00 | 631.00 | NOTE |
Version: 0.3.9
Check: installed package size
Result: NOTE
installed size is 10.9Mb
sub-directories of 1Mb or more:
data 2.1Mb
doc 6.6Mb
libs 1.3Mb
Flavors: r-oldrel-macos-arm64, r-oldrel-macos-x86_64, r-oldrel-windows-x86_64