Last updated on 2025-07-13 04:48:58 CEST.
Flavor | Version | Tinstall | Tcheck | Ttotal | Status | Flags |
---|---|---|---|---|---|---|
r-devel-linux-x86_64-debian-clang | 1.0-10 | 22.10 | 164.12 | 186.22 | NOTE | |
r-devel-linux-x86_64-debian-gcc | 1.0-10 | 17.71 | 123.59 | 141.30 | NOTE | |
r-devel-linux-x86_64-fedora-clang | 1.0-10 | 296.38 | OK | |||
r-devel-linux-x86_64-fedora-gcc | 1.0-10 | 284.63 | OK | |||
r-devel-windows-x86_64 | 1.0-10 | 25.00 | 252.00 | 277.00 | OK | |
r-patched-linux-x86_64 | 1.0-10 | 21.65 | 158.60 | 180.25 | OK | |
r-release-linux-x86_64 | 1.0-10 | 19.83 | 159.15 | 178.98 | OK | |
r-release-macos-arm64 | 1.0-10 | 93.00 | OK | |||
r-release-macos-x86_64 | 1.0-10 | 156.00 | OK | |||
r-release-windows-x86_64 | 1.0-10 | 22.00 | 277.00 | 299.00 | OK | |
r-oldrel-macos-arm64 | 1.0-10 | 92.00 | OK | |||
r-oldrel-macos-x86_64 | 1.0-10 | 125.00 | OK | |||
r-oldrel-windows-x86_64 | 1.0-10 | 28.00 | 213.00 | 241.00 | OK |
Version: 1.0-10
Check: CRAN incoming feasibility
Result: NOTE
Maintainer: ‘Daniel-Corneliu Leucuta <danny.ldc@gmail.com>’
No Authors@R field in DESCRIPTION.
Please add one, modifying
Authors@R: person(given = "Daniel-Corneliu",
family = "Leucuta",
role = c("aut", "cre"),
email = "danny.ldc@gmail.com")
as necessary.
Flavors: r-devel-linux-x86_64-debian-clang, r-devel-linux-x86_64-debian-gcc