Last updated on 2025-07-12 22:49:19 CEST.
Flavor | Version | Tinstall | Tcheck | Ttotal | Status | Flags |
---|---|---|---|---|---|---|
r-devel-linux-x86_64-debian-clang | 1.0.1 | 72.66 | 141.63 | 214.29 | OK | |
r-devel-linux-x86_64-debian-gcc | 1.0.1 | 50.96 | 99.47 | 150.43 | OK | |
r-devel-linux-x86_64-fedora-clang | 1.0.1 | 360.42 | OK | |||
r-devel-linux-x86_64-fedora-gcc | 1.0.1 | 335.70 | OK | |||
r-devel-windows-x86_64 | 1.0.1 | 122.00 | 190.00 | 312.00 | OK | |
r-patched-linux-x86_64 | 1.0.1 | 77.80 | 129.20 | 207.00 | OK | |
r-release-linux-x86_64 | 1.0.1 | 68.41 | 131.22 | 199.63 | OK | |
r-release-macos-arm64 | 1.0.1 | 83.00 | OK | |||
r-release-macos-x86_64 | 1.0.1 | 194.00 | OK | |||
r-release-windows-x86_64 | 1.0.1 | 121.00 | 268.00 | 389.00 | OK | |
r-oldrel-macos-arm64 | 1.0.1 | 79.00 | NOTE | |||
r-oldrel-macos-x86_64 | 1.0.1 | 123.00 | NOTE | |||
r-oldrel-windows-x86_64 | 1.0.1 | 141.00 | 234.00 | 375.00 | NOTE |
Version: 1.0.1
Check: installed package size
Result: NOTE
installed size is 39.7Mb
sub-directories of 1Mb or more:
include 37.8Mb
libs 1.8Mb
Flavors: r-oldrel-macos-arm64, r-oldrel-macos-x86_64, r-oldrel-windows-x86_64