CRAN Package Check Results for Package RcppJagger

Last updated on 2025-07-13 04:48:58 CEST.

Flavor Version Tinstall Tcheck Ttotal Status Flags
r-devel-linux-x86_64-debian-clang 0.0.2 13.99 25.80 39.79 NOTE
r-devel-linux-x86_64-debian-gcc 0.0.2 11.34 20.56 31.90 NOTE
r-devel-linux-x86_64-fedora-clang 0.0.2 66.69 OK
r-devel-linux-x86_64-fedora-gcc 0.0.2 67.57 OK
r-devel-windows-x86_64 0.0.2 24.00 70.00 94.00 OK
r-patched-linux-x86_64 0.0.2 15.10 24.56 39.66 OK
r-release-linux-x86_64 0.0.2 16.51 24.84 41.35 OK
r-release-macos-arm64 0.0.2 23.00 OK
r-release-macos-x86_64 0.0.2 37.00 OK
r-release-windows-x86_64 0.0.2 22.00 68.00 90.00 OK
r-oldrel-macos-arm64 0.0.2 21.00 OK
r-oldrel-macos-x86_64 0.0.2 34.00 OK
r-oldrel-windows-x86_64 0.0.2 27.00 79.00 106.00 OK

Check Details

Version: 0.0.2
Check: CRAN incoming feasibility
Result: NOTE Maintainer: ‘Shusei Eshima <shuseieshima@gmail.com>’ The Description field contains (2023) <arXiv:2305.19045>. Jagger uses patterns derived from Please refer to arXiv e-prints via their arXiv DOI <doi:10.48550/arXiv.YYMM.NNNNN>. Flavors: r-devel-linux-x86_64-debian-clang, r-devel-linux-x86_64-debian-gcc