Last updated on 2025-07-13 04:48:58 CEST.
Flavor | Version | Tinstall | Tcheck | Ttotal | Status | Flags |
---|---|---|---|---|---|---|
r-devel-linux-x86_64-debian-clang | 0.2.8 | 98.84 | 31.81 | 130.65 | OK | |
r-devel-linux-x86_64-debian-gcc | 0.2.8 | 73.47 | 23.51 | 96.98 | OK | |
r-devel-linux-x86_64-fedora-clang | 0.2.8 | 242.96 | OK | |||
r-devel-linux-x86_64-fedora-gcc | 0.2.8 | 230.80 | OK | |||
r-devel-windows-x86_64 | 0.2.8 | 108.00 | 81.00 | 189.00 | OK | |
r-patched-linux-x86_64 | 0.2.8 | 106.13 | 28.10 | 134.23 | OK | |
r-release-linux-x86_64 | 0.2.8 | 102.75 | 27.94 | 130.69 | OK | |
r-release-macos-arm64 | 0.2.8 | 53.00 | OK | |||
r-release-macos-x86_64 | 0.2.8 | 69.00 | OK | |||
r-release-windows-x86_64 | 0.2.8 | 112.00 | 151.00 | 263.00 | OK | |
r-oldrel-macos-arm64 | 0.2.8 | 63.00 | NOTE | |||
r-oldrel-macos-x86_64 | 0.2.8 | 75.00 | NOTE | |||
r-oldrel-windows-x86_64 | 0.2.8 | 135.00 | 95.00 | 230.00 | OK |
Version: 0.2.8
Check: installed package size
Result: NOTE
installed size is 7.1Mb
sub-directories of 1Mb or more:
libs 6.8Mb
Flavors: r-oldrel-macos-arm64, r-oldrel-macos-x86_64