Last updated on 2025-04-29 07:50:28 CEST.
Flavor | Version | Tinstall | Tcheck | Ttotal | Status | Flags |
---|---|---|---|---|---|---|
r-devel-linux-x86_64-debian-clang | 0.1 | 1.96 | 19.04 | 21.00 | OK | |
r-devel-linux-x86_64-debian-gcc | 0.1 | 1.61 | 16.07 | 17.68 | NOTE | |
r-devel-linux-x86_64-fedora-clang | 0.1 | 33.47 | OK | |||
r-devel-linux-x86_64-fedora-gcc | 0.1 | 32.72 | OK | |||
r-devel-windows-x86_64 | 0.1 | 3.00 | 42.00 | 45.00 | OK | |
r-patched-linux-x86_64 | 0.1 | 2.03 | 19.10 | 21.13 | OK | |
r-release-linux-x86_64 | 0.1 | 1.62 | 18.74 | 20.36 | OK | |
r-release-macos-arm64 | 0.1 | 21.00 | OK | |||
r-release-macos-x86_64 | 0.1 | 29.00 | OK | |||
r-release-windows-x86_64 | 0.1 | 3.00 | 43.00 | 46.00 | OK | |
r-oldrel-macos-arm64 | 0.1 | 18.00 | OK | |||
r-oldrel-macos-x86_64 | 0.1 | 27.00 | OK | |||
r-oldrel-windows-x86_64 | 0.1 | 3.00 | 46.00 | 49.00 | OK |
Version: 0.1
Check: CRAN incoming feasibility
Result: NOTE
Maintainer: ‘Peter Hoff <peter.hoff@duke.edu>’
No Authors@R field in DESCRIPTION.
Please add one, modifying
Authors@R: c(person(given = "Chris",
family = "Suh",
role = "aut"),
person(given = "Peter",
family = "Hoff",
role = c("aut", "cre"),
email = "peter.hoff@duke.edu"))
as necessary.
Flavor: r-devel-linux-x86_64-debian-gcc