CRAN Package Check Results for Package RobLoxBioC

Last updated on 2025-07-12 22:49:21 CEST.

Flavor Version Tinstall Tcheck Ttotal Status Flags
r-devel-linux-x86_64-debian-clang 1.2.3 30.08 275.29 305.37 OK
r-devel-linux-x86_64-debian-gcc 1.2.3 23.39 191.15 214.54 OK
r-devel-linux-x86_64-fedora-clang 1.2.3 485.92 OK
r-devel-linux-x86_64-fedora-gcc 1.2.3 446.49 OK
r-devel-windows-x86_64 1.2.3 32.00 223.00 255.00 OK
r-patched-linux-x86_64 1.2.3 37.11 263.17 300.28 OK
r-release-linux-x86_64 1.2.3 31.40 256.47 287.87 OK
r-release-macos-arm64 1.2.3 117.00 OK
r-release-macos-x86_64 1.2.3 262.00 OK
r-release-windows-x86_64 1.2.3 28.00 6.00 34.00 ERROR
r-oldrel-macos-arm64 1.2.3 125.00 NOTE
r-oldrel-macos-x86_64 1.2.3 264.00 NOTE
r-oldrel-windows-x86_64 1.2.3 45.00 293.00 338.00 OK

Check Details

Version: 1.2.3
Check: whether package can be installed
Result: ERROR Installation failed. Flavor: r-release-windows-x86_64

Version: 1.2.3
Check: package dependencies
Result: NOTE Packages suggested but not available for checking: 'affydata', 'hgu95av2cdf', 'beadarrayExampleData', 'illuminaHumanv3.db' Flavor: r-oldrel-macos-arm64

Version: 1.2.3
Check: package dependencies
Result: NOTE Package suggested but not available for checking: ‘illuminaHumanv3.db’ Flavor: r-oldrel-macos-x86_64