CRAN Package Check Results for Package Rsgf

Last updated on 2025-07-13 04:49:01 CEST.

Flavor Version Tinstall Tcheck Ttotal Status Flags
r-devel-linux-x86_64-debian-clang 1.0.0 5.47 45.19 50.66 NOTE
r-devel-linux-x86_64-debian-gcc 1.0.0 3.82 33.32 37.14 NOTE
r-devel-linux-x86_64-fedora-clang 1.0.0 78.83 NOTE
r-devel-linux-x86_64-fedora-gcc 1.0.0 73.21 NOTE
r-devel-windows-x86_64 1.0.0 6.00 57.00 63.00 OK
r-patched-linux-x86_64 1.0.0 4.83 41.98 46.81 OK
r-release-linux-x86_64 1.0.0 4.98 41.18 46.16 OK
r-release-macos-arm64 1.0.0 21.00 OK
r-release-macos-x86_64 1.0.0 43.00 OK
r-release-windows-x86_64 1.0.0 6.00 59.00 65.00 OK
r-oldrel-macos-arm64 1.0.0 23.00 OK
r-oldrel-macos-x86_64 1.0.0 37.00 OK
r-oldrel-windows-x86_64 1.0.0 9.00 69.00 78.00 OK

Check Details

Version: 1.0.0
Check: CRAN incoming feasibility
Result: NOTE Maintainer: ‘Brad Cable <brad@bcable.net>’ No Authors@R field in DESCRIPTION. Please add one, modifying Authors@R: person(given = "Brad", family = "Cable", role = c("aut", "cre"), email = "brad@bcable.net") as necessary. Flavors: r-devel-linux-x86_64-debian-clang, r-devel-linux-x86_64-debian-gcc

Version: 1.0.0
Check: dependencies in R code
Result: NOTE Namespace in Imports field not imported from: ‘utils’ All declared Imports should be used. Flavors: r-devel-linux-x86_64-fedora-clang, r-devel-linux-x86_64-fedora-gcc