CRAN Package Check Results for Package Rspc

Last updated on 2025-07-12 22:49:22 CEST.

Flavor Version Tinstall Tcheck Ttotal Status Flags
r-devel-linux-x86_64-debian-clang 1.2.2 2.07 23.45 25.52 OK
r-devel-linux-x86_64-debian-gcc 1.2.2 1.79 19.42 21.21 OK
r-devel-linux-x86_64-fedora-clang 1.2.2 40.12 OK
r-devel-linux-x86_64-fedora-gcc 1.2.2 52.53 OK
r-devel-windows-x86_64 1.2.2 4.00 44.00 48.00 OK
r-patched-linux-x86_64 1.2.2 2.36 21.60 23.96 OK
r-release-linux-x86_64 1.2.2 2.30 21.51 23.81 OK
r-release-macos-arm64 1.2.2 26.00 OK
r-release-macos-x86_64 1.2.2 60.00 OK
r-release-windows-x86_64 1.2.2 3.00 69.00 72.00 OK
r-oldrel-macos-arm64 1.2.2 23.00 NOTE
r-oldrel-macos-x86_64 1.2.2 32.00 NOTE
r-oldrel-windows-x86_64 1.2.2 4.00 53.00 57.00 NOTE

Check Details

Version: 1.2.2
Check: LazyData
Result: NOTE 'LazyData' is specified without a 'data' directory Flavors: r-oldrel-macos-arm64, r-oldrel-macos-x86_64, r-oldrel-windows-x86_64