CRAN Package Check Results for Package SCCI

Last updated on 2025-07-13 04:49:01 CEST.

Flavor Version Tinstall Tcheck Ttotal Status Flags
r-devel-linux-x86_64-debian-clang 1.2 11.81 25.33 37.14 NOTE
r-devel-linux-x86_64-debian-gcc 1.2 8.38 20.75 29.13 NOTE
r-devel-linux-x86_64-fedora-clang 1.2 65.73 OK
r-devel-linux-x86_64-fedora-gcc 1.2 59.74 OK
r-devel-windows-x86_64 1.2 14.00 65.00 79.00 OK
r-patched-linux-x86_64 1.2 11.81 24.37 36.18 OK
r-release-linux-x86_64 1.2 12.07 24.08 36.15 OK
r-release-macos-arm64 1.2 24.00 OK
r-release-macos-x86_64 1.2 42.00 OK
r-release-windows-x86_64 1.2 14.00 82.00 96.00 OK
r-oldrel-macos-arm64 1.2 23.00 OK
r-oldrel-macos-x86_64 1.2 38.00 OK
r-oldrel-windows-x86_64 1.2 15.00 72.00 87.00 OK

Check Details

Version: 1.2
Check: CRAN incoming feasibility
Result: NOTE Maintainer: ‘Alexander Marx <amarx@mpi-inf.mpg.de>’ No Authors@R field in DESCRIPTION. Please add one, modifying Authors@R: person(given = "Alexander", family = "Marx", role = c("aut", "cre"), email = "amarx@mpi-inf.mpg.de") as necessary. Flavors: r-devel-linux-x86_64-debian-clang, r-devel-linux-x86_64-debian-gcc