Last updated on 2025-07-12 22:49:22 CEST.
Flavor | Version | Tinstall | Tcheck | Ttotal | Status | Flags |
---|---|---|---|---|---|---|
r-devel-linux-x86_64-debian-clang | 0.9-55 | 8.00 | 61.48 | 69.48 | NOTE | |
r-devel-linux-x86_64-debian-gcc | 0.9-55 | 4.84 | 43.78 | 48.62 | NOTE | |
r-devel-linux-x86_64-fedora-clang | 0.9-55 | 112.59 | OK | |||
r-devel-linux-x86_64-fedora-gcc | 0.9-55 | 117.35 | OK | |||
r-devel-windows-x86_64 | 0.9-55 | 10.00 | 73.00 | 83.00 | OK | |
r-patched-linux-x86_64 | 0.9-55 | 7.10 | 58.56 | 65.66 | OK | |
r-release-linux-x86_64 | 0.9-55 | 7.54 | 57.66 | 65.20 | OK | |
r-release-macos-arm64 | 0.9-55 | 39.00 | OK | |||
r-release-macos-x86_64 | 0.9-55 | 71.00 | OK | |||
r-release-windows-x86_64 | 0.9-55 | 11.00 | 78.00 | 89.00 | OK | |
r-oldrel-macos-arm64 | 0.9-55 | 39.00 | OK | |||
r-oldrel-macos-x86_64 | 0.9-55 | 59.00 | OK | |||
r-oldrel-windows-x86_64 | 0.9-55 | 14.00 | 88.00 | 102.00 | OK |
Version: 0.9-55
Check: CRAN incoming feasibility
Result: NOTE
Maintainer: ‘John R. Ortiz <jrortizt@unal.edu.co>’
Found the following URLs which should use \doi (with the DOI name only):
File ‘plot.Rd’:
https://doi.org/10.25573/data.13118426.v2
Flavors: r-devel-linux-x86_64-debian-clang, r-devel-linux-x86_64-debian-gcc