Last updated on 2025-07-12 22:49:22 CEST.
Flavor | Version | Tinstall | Tcheck | Ttotal | Status | Flags |
---|---|---|---|---|---|---|
r-devel-linux-x86_64-debian-clang | 2.3.3 | 13.02 | 147.15 | 160.17 | NOTE | |
r-devel-linux-x86_64-debian-gcc | 2.3.3 | 9.54 | 101.70 | 111.24 | NOTE | |
r-devel-linux-x86_64-fedora-clang | 2.3.3 | 246.01 | OK | |||
r-devel-linux-x86_64-fedora-gcc | 2.3.3 | 251.98 | OK | |||
r-devel-windows-x86_64 | 2.3.3 | 17.00 | 131.00 | 148.00 | OK | |
r-patched-linux-x86_64 | 2.3.3 | 13.14 | 135.02 | 148.16 | OK | |
r-release-linux-x86_64 | 2.3.3 | 13.21 | 135.41 | 148.62 | OK | |
r-release-macos-arm64 | 2.3.3 | 66.00 | OK | |||
r-release-macos-x86_64 | 2.3.3 | 139.00 | OK | |||
r-release-windows-x86_64 | 2.3.3 | 17.00 | 151.00 | 168.00 | OK | |
r-oldrel-macos-arm64 | 2.3.3 | 65.00 | OK | |||
r-oldrel-macos-x86_64 | 2.3.3 | 95.00 | OK | |||
r-oldrel-windows-x86_64 | 2.3.3 | 24.00 | 164.00 | 188.00 | OK |
Version: 2.3.3
Check: CRAN incoming feasibility
Result: NOTE
Maintainer: ‘Takahiro Shimada <taka.shimada@gmail.com>’
No Authors@R field in DESCRIPTION.
Please add one, modifying
Authors@R: person(given = "Takahiro",
family = "Shimada",
role = c("aut", "cre"),
email = "taka.shimada@gmail.com")
as necessary.
Flavors: r-devel-linux-x86_64-debian-clang, r-devel-linux-x86_64-debian-gcc