Last updated on 2024-06-16 13:53:42 CEST.
Flavor | Version | Tinstall | Tcheck | Ttotal | Status | Flags |
---|---|---|---|---|---|---|
r-devel-linux-x86_64-debian-clang | 1.6.3 | 25.99 | 88.73 | 114.72 | OK | |
r-devel-linux-x86_64-debian-gcc | 1.6.3 | 24.83 | 65.84 | 90.67 | OK | |
r-devel-linux-x86_64-fedora-clang | 1.6.3 | 148.46 | OK | |||
r-devel-linux-x86_64-fedora-gcc | 1.6.3 | 107.54 | OK | |||
r-devel-windows-x86_64 | 1.6.3 | 30.00 | 113.00 | 143.00 | OK | |
r-patched-linux-x86_64 | 1.6.3 | 20.50 | 82.92 | 103.42 | OK | |
r-release-linux-x86_64 | 1.6.3 | 21.19 | 85.27 | 106.46 | OK | |
r-release-macos-arm64 | 1.6.3 | 54.00 | NOTE | |||
r-release-macos-x86_64 | 1.6.3 | 79.00 | NOTE | |||
r-release-windows-x86_64 | 1.6.3 | 26.00 | 87.00 | 113.00 | OK | |
r-oldrel-macos-arm64 | 1.6.3 | 62.00 | NOTE | |||
r-oldrel-macos-x86_64 | 1.6.3 | 122.00 | NOTE | |||
r-oldrel-windows-x86_64 | 1.6.3 | 34.00 | 105.00 | 139.00 | OK |
Version: 1.6.3
Check: installed package size
Result: NOTE
installed size is 5.7Mb
sub-directories of 1Mb or more:
data 5.4Mb
Flavors: r-release-macos-arm64, r-release-macos-x86_64, r-oldrel-macos-arm64, r-oldrel-macos-x86_64