Last updated on 2024-06-10 10:58:55 CEST.
Flavor | Version | Tinstall | Tcheck | Ttotal | Status | Flags |
---|---|---|---|---|---|---|
r-devel-linux-x86_64-debian-clang | 0.1.1 | 25.95 | 660.65 | 686.60 | OK | |
r-devel-linux-x86_64-debian-gcc | 0.1.1 | 20.50 | 464.16 | 484.66 | OK | |
r-devel-linux-x86_64-fedora-clang | 0.1.1 | 826.86 | NOTE | |||
r-devel-linux-x86_64-fedora-gcc | 0.1.1 | 791.28 | OK | |||
r-devel-windows-x86_64 | 0.1.1 | 25.00 | 389.00 | 414.00 | OK | |
r-patched-linux-x86_64 | 0.1.1 | 27.04 | 623.98 | 651.02 | OK | |
r-release-linux-x86_64 | 0.1.1 | 25.61 | 618.80 | 644.41 | OK | |
r-release-macos-arm64 | 0.1.1 | 184.00 | NOTE | |||
r-release-macos-x86_64 | 0.1.1 | 326.00 | NOTE | |||
r-release-windows-x86_64 | 0.1.1 | 26.00 | 399.00 | 425.00 | OK | |
r-oldrel-macos-arm64 | 0.1.1 | 209.00 | NOTE | |||
r-oldrel-macos-x86_64 | 0.1.1 | 617.00 | NOTE | |||
r-oldrel-windows-x86_64 | 0.1.1 | 32.00 | 584.00 | 616.00 | OK |
Version: 0.1.1
Check: installed package size
Result: NOTE
installed size is 5.0Mb
sub-directories of 1Mb or more:
doc 1.6Mb
lsndata 2.4Mb
Flavors: r-devel-linux-x86_64-fedora-clang, r-release-macos-arm64, r-release-macos-x86_64, r-oldrel-macos-arm64, r-oldrel-macos-x86_64