CRAN Package Check Results for Package ShellChron

Last updated on 2025-07-13 04:49:02 CEST.

Flavor Version Tinstall Tcheck Ttotal Status Flags
r-devel-linux-x86_64-debian-clang 0.4.0 4.21 43.06 47.27 NOTE
r-devel-linux-x86_64-debian-gcc 0.4.0 3.02 31.58 34.60 NOTE
r-devel-linux-x86_64-fedora-clang 0.4.0 77.71 NOTE
r-devel-linux-x86_64-fedora-gcc 0.4.0 76.22 NOTE
r-devel-windows-x86_64 0.4.0 6.00 65.00 71.00 NOTE
r-patched-linux-x86_64 0.4.0 4.53 39.26 43.79 NOTE
r-release-linux-x86_64 0.4.0 4.20 40.07 44.27 NOTE
r-release-macos-arm64 0.4.0 27.00 NOTE
r-release-macos-x86_64 0.4.0 45.00 NOTE
r-release-windows-x86_64 0.4.0 6.00 67.00 73.00 NOTE
r-oldrel-macos-arm64 0.4.0 26.00 NOTE
r-oldrel-macos-x86_64 0.4.0 36.00 NOTE
r-oldrel-windows-x86_64 0.4.0 8.00 74.00 82.00 NOTE

Check Details

Version: 0.4.0
Check: Rd files
Result: NOTE checkRd: (-1) age_corr.Rd:15: Lost braces 15 | \item{plot}{Should the results be plotted? (/code{TRUE/FALSE})} | ^ checkRd: (-1) age_corr.Rd:17: Lost braces 17 | \item{agecorrection}{Correct for jumps in age (/code{TRUE}) or | ^ checkRd: (-1) age_corr.Rd:18: Lost braces 18 | only for starting time (/code{FALSE})} | ^ Flavors: r-devel-linux-x86_64-debian-clang, r-devel-linux-x86_64-debian-gcc, r-devel-linux-x86_64-fedora-clang, r-devel-linux-x86_64-fedora-gcc, r-devel-windows-x86_64, r-patched-linux-x86_64, r-release-linux-x86_64, r-release-macos-arm64, r-release-macos-x86_64, r-release-windows-x86_64, r-oldrel-macos-arm64, r-oldrel-macos-x86_64, r-oldrel-windows-x86_64