Last updated on 2025-07-13 04:49:02 CEST.
Flavor | Version | Tinstall | Tcheck | Ttotal | Status | Flags |
---|---|---|---|---|---|---|
r-devel-linux-x86_64-debian-clang | 9.8.1 | 25.76 | 229.88 | 255.64 | OK | |
r-devel-linux-x86_64-debian-gcc | 9.8.1 | 19.71 | 164.57 | 184.28 | OK | |
r-devel-linux-x86_64-fedora-clang | 9.8.1 | 387.59 | OK | |||
r-devel-linux-x86_64-fedora-gcc | 9.8.1 | 384.76 | OK | |||
r-devel-windows-x86_64 | 9.8.1 | 33.00 | 274.00 | 307.00 | OK | |
r-patched-linux-x86_64 | 9.8.1 | 27.05 | 215.46 | 242.51 | OK | |
r-release-linux-x86_64 | 9.8.1 | 26.08 | 214.23 | 240.31 | OK | |
r-release-macos-arm64 | 9.8.1 | 141.00 | OK | |||
r-release-macos-x86_64 | 9.8.1 | 275.00 | OK | |||
r-release-windows-x86_64 | 9.8.1 | 33.00 | 295.00 | 328.00 | OK | |
r-oldrel-macos-arm64 | 9.8.1 | 136.00 | NOTE | |||
r-oldrel-macos-x86_64 | 9.8.1 | 324.00 | NOTE | |||
r-oldrel-windows-x86_64 | 9.8.1 | 43.00 | 354.00 | 397.00 | OK |
Version: 9.8.1
Check: installed package size
Result: NOTE
installed size is 7.6Mb
sub-directories of 1Mb or more:
data 2.8Mb
doc 1.0Mb
libs 2.7Mb
Flavors: r-oldrel-macos-arm64, r-oldrel-macos-x86_64