Last updated on 2024-06-19 20:58:42 CEST.
Flavor | Version | Tinstall | Tcheck | Ttotal | Status | Flags |
---|---|---|---|---|---|---|
r-devel-linux-x86_64-debian-clang | 1.0.2 | 52.32 | 42.03 | 94.35 | OK | |
r-devel-linux-x86_64-debian-gcc | 1.0.2 | 29.98 | 31.23 | 61.21 | OK | |
r-devel-linux-x86_64-fedora-clang | 1.0.2 | 120.69 | OK | |||
r-devel-linux-x86_64-fedora-gcc | 1.0.2 | 123.05 | OK | |||
r-devel-windows-x86_64 | 1.0.2 | 42.00 | 67.00 | 109.00 | NOTE | |
r-patched-linux-x86_64 | 1.0.2 | 32.23 | 41.45 | 73.68 | OK | |
r-release-linux-x86_64 | 1.0.2 | 38.65 | 42.65 | 81.30 | OK | |
r-release-macos-arm64 | 1.0.2 | 37.00 | OK | |||
r-release-macos-x86_64 | 1.0.2 | 54.00 | OK | |||
r-release-windows-x86_64 | 1.0.2 | 41.00 | 74.00 | 115.00 | NOTE | |
r-oldrel-macos-arm64 | 1.0.2 | 39.00 | OK | |||
r-oldrel-macos-x86_64 | 1.0.2 | 62.00 | OK | |||
r-oldrel-windows-x86_64 | 1.0.2 | 49.00 | 78.00 | 127.00 | NOTE |
Version: 1.0.2
Check: C++ specification
Result: NOTE
Specified C++11: please drop specification unless essential
Flavors: r-devel-windows-x86_64, r-release-windows-x86_64, r-oldrel-windows-x86_64