Last updated on 2024-06-16 13:53:42 CEST.
Flavor | Version | Tinstall | Tcheck | Ttotal | Status | Flags |
---|---|---|---|---|---|---|
r-devel-linux-x86_64-debian-clang | 1.3.0 | 11.16 | 178.59 | 189.75 | OK | |
r-devel-linux-x86_64-debian-gcc | 1.3.0 | 9.50 | 135.39 | 144.89 | OK | |
r-devel-linux-x86_64-fedora-clang | 1.3.0 | 245.84 | NOTE | |||
r-devel-linux-x86_64-fedora-gcc | 1.3.0 | 247.66 | OK | |||
r-devel-windows-x86_64 | 1.3.0 | 13.00 | 131.00 | 144.00 | NOTE | |
r-patched-linux-x86_64 | 1.3.0 | 14.57 | 175.73 | 190.30 | OK | |
r-release-linux-x86_64 | 1.3.0 | 14.07 | 170.17 | 184.24 | OK | |
r-release-macos-arm64 | 1.3.0 | 60.00 | NOTE | |||
r-release-macos-x86_64 | 1.3.0 | 93.00 | NOTE | |||
r-release-windows-x86_64 | 1.3.0 | 13.00 | 130.00 | 143.00 | NOTE | |
r-oldrel-macos-arm64 | 1.3.0 | 67.00 | NOTE | |||
r-oldrel-macos-x86_64 | 1.3.0 | 121.00 | NOTE | |||
r-oldrel-windows-x86_64 | 1.3.0 | 15.00 | 159.00 | 174.00 | NOTE |
Version: 1.3.0
Check: installed package size
Result: NOTE
installed size is 8.8Mb
sub-directories of 1Mb or more:
doc 8.2Mb
Flavors: r-devel-linux-x86_64-fedora-clang, r-devel-windows-x86_64, r-release-macos-arm64, r-release-macos-x86_64, r-release-windows-x86_64, r-oldrel-macos-arm64, r-oldrel-macos-x86_64, r-oldrel-windows-x86_64