Last updated on 2024-06-19 20:58:42 CEST.
Flavor | Version | Tinstall | Tcheck | Ttotal | Status | Flags |
---|---|---|---|---|---|---|
r-devel-linux-x86_64-debian-clang | 1.1 | 9.10 | 107.80 | 116.90 | NOTE | |
r-devel-linux-x86_64-debian-gcc | 1.1 | 9.85 | 78.77 | 88.62 | NOTE | |
r-devel-linux-x86_64-fedora-clang | 1.1 | 153.01 | NOTE | |||
r-devel-linux-x86_64-fedora-gcc | 1.1 | 140.13 | NOTE | |||
r-devel-windows-x86_64 | 1.1 | 11.00 | 84.00 | 95.00 | NOTE | |
r-patched-linux-x86_64 | 1.1 | 12.20 | 101.58 | 113.78 | NOTE | |
r-release-linux-x86_64 | 1.1 | 8.03 | 101.77 | 109.80 | NOTE | |
r-release-macos-arm64 | 1.1 | 44.00 | NOTE | |||
r-release-macos-x86_64 | 1.1 | 113.00 | NOTE | |||
r-release-windows-x86_64 | 1.1 | 12.00 | 88.00 | 100.00 | NOTE | |
r-oldrel-macos-arm64 | 1.1 | 44.00 | OK | |||
r-oldrel-macos-x86_64 | 1.1 | 69.00 | OK | |||
r-oldrel-windows-x86_64 | 1.1 | 14.00 | 109.00 | 123.00 | OK |
Version: 1.1
Check: Rd files
Result: NOTE
checkRd: (-1) SRanalysis.Rd:100: Lost braces
100 | P. B{\"u}hlmann (2019). Stabilizing Variable Selection and
| ^
checkRd: (-1) StabilizedRegression.Rd:109: Lost braces
109 | P. B{\"u}hlmann (2019). Stabilizing Variable Selection and
| ^
Flavors: r-devel-linux-x86_64-debian-clang, r-devel-linux-x86_64-debian-gcc, r-devel-linux-x86_64-fedora-clang, r-devel-linux-x86_64-fedora-gcc, r-devel-windows-x86_64, r-patched-linux-x86_64, r-release-linux-x86_64, r-release-macos-arm64, r-release-macos-x86_64, r-release-windows-x86_64