Last updated on 2025-07-13 04:49:04 CEST.
Flavor | Version | Tinstall | Tcheck | Ttotal | Status | Flags |
---|---|---|---|---|---|---|
r-devel-linux-x86_64-debian-clang | 0.1.0 | 10.06 | 17.16 | 27.22 | OK | |
r-devel-linux-x86_64-debian-gcc | 0.1.0 | 6.92 | 14.14 | 21.06 | OK | |
r-devel-linux-x86_64-fedora-clang | 0.1.0 | 42.64 | OK | |||
r-devel-linux-x86_64-fedora-gcc | 0.1.0 | 42.17 | OK | |||
r-devel-windows-x86_64 | 0.1.0 | 10.00 | 38.00 | 48.00 | OK | |
r-patched-linux-x86_64 | 0.1.0 | 9.74 | 15.91 | 25.65 | OK | |
r-release-linux-x86_64 | 0.1.0 | 9.28 | 17.05 | 26.33 | OK | |
r-release-macos-arm64 | 0.1.0 | 22.00 | OK | |||
r-release-macos-x86_64 | 0.1.0 | 31.00 | OK | |||
r-release-windows-x86_64 | 0.1.0 | 9.00 | 59.00 | 68.00 | OK | |
r-oldrel-macos-arm64 | 0.1.0 | 22.00 | NOTE | |||
r-oldrel-macos-x86_64 | 0.1.0 | 28.00 | NOTE | |||
r-oldrel-windows-x86_64 | 0.1.0 | 10.00 | 40.00 | 50.00 | NOTE |
Version: 0.1.0
Check: installed package size
Result: NOTE
installed size is 13.0Mb
sub-directories of 1Mb or more:
data 13.0Mb
Flavors: r-oldrel-macos-arm64, r-oldrel-macos-x86_64, r-oldrel-windows-x86_64