Last updated on 2024-06-16 13:53:44 CEST.
Flavor | Version | Tinstall | Tcheck | Ttotal | Status | Flags |
---|---|---|---|---|---|---|
r-devel-linux-x86_64-debian-clang | 0.1.0 | 13.29 | 21.70 | 34.99 | OK | |
r-devel-linux-x86_64-debian-gcc | 0.1.0 | 11.37 | 17.48 | 28.85 | OK | |
r-devel-linux-x86_64-fedora-clang | 0.1.0 | 45.27 | NOTE | |||
r-devel-linux-x86_64-fedora-gcc | 0.1.0 | 44.22 | OK | |||
r-devel-windows-x86_64 | 0.1.0 | 10.00 | 76.00 | 86.00 | NOTE | |
r-patched-linux-x86_64 | 0.1.0 | 15.72 | 21.47 | 37.19 | OK | |
r-release-linux-x86_64 | 0.1.0 | 15.27 | 22.23 | 37.50 | OK | |
r-release-macos-arm64 | 0.1.0 | 22.00 | NOTE | |||
r-release-macos-x86_64 | 0.1.0 | 28.00 | NOTE | |||
r-release-windows-x86_64 | 0.1.0 | 10.00 | 65.00 | 75.00 | NOTE | |
r-oldrel-macos-arm64 | 0.1.0 | 26.00 | NOTE | |||
r-oldrel-macos-x86_64 | 0.1.0 | 53.00 | NOTE | |||
r-oldrel-windows-x86_64 | 0.1.0 | 10.00 | 40.00 | 50.00 | NOTE |
Version: 0.1.0
Check: installed package size
Result: NOTE
installed size is 12.1Mb
sub-directories of 1Mb or more:
data 12.0Mb
Flavors: r-devel-linux-x86_64-fedora-clang, r-devel-windows-x86_64, r-release-macos-arm64, r-release-macos-x86_64, r-release-windows-x86_64, r-oldrel-macos-arm64, r-oldrel-macos-x86_64, r-oldrel-windows-x86_64