CRAN Package Check Results for Package ThankYouStars

Last updated on 2025-07-13 04:49:04 CEST.

Flavor Version Tinstall Tcheck Ttotal Status Flags
r-devel-linux-x86_64-debian-clang 0.2.0 1.63 22.33 23.96 OK
r-devel-linux-x86_64-debian-gcc 0.2.0 1.47 18.87 20.34 OK
r-devel-linux-x86_64-fedora-clang 0.2.0 35.15 OK
r-devel-linux-x86_64-fedora-gcc 0.2.0 47.95 OK
r-devel-windows-x86_64 0.2.0 3.00 43.00 46.00 OK
r-patched-linux-x86_64 0.2.0 1.83 20.25 22.08 OK
r-release-linux-x86_64 0.2.0 1.62 20.15 21.77 OK
r-release-macos-arm64 0.2.0 35.00 OK
r-release-macos-x86_64 0.2.0 42.00 OK
r-release-windows-x86_64 0.2.0 3.00 41.00 44.00 OK
r-oldrel-macos-arm64 0.2.0 20.00 NOTE
r-oldrel-macos-x86_64 0.2.0 31.00 NOTE
r-oldrel-windows-x86_64 0.2.0 4.00 47.00 51.00 NOTE

Check Details

Version: 0.2.0
Check: LazyData
Result: NOTE 'LazyData' is specified without a 'data' directory Flavors: r-oldrel-macos-arm64, r-oldrel-macos-x86_64, r-oldrel-windows-x86_64