Last updated on 2025-07-12 22:49:25 CEST.
Flavor | Version | Tinstall | Tcheck | Ttotal | Status | Flags |
---|---|---|---|---|---|---|
r-devel-linux-x86_64-debian-clang | 1.3.0 | 30.82 | 315.12 | 345.94 | OK | |
r-devel-linux-x86_64-debian-gcc | 1.3.0 | 23.85 | 208.89 | 232.74 | OK | |
r-devel-linux-x86_64-fedora-clang | 1.3.0 | 534.72 | OK | |||
r-devel-linux-x86_64-fedora-gcc | 1.3.0 | 531.50 | OK | |||
r-devel-windows-x86_64 | 1.3.0 | 39.00 | 390.00 | 429.00 | OK | |
r-patched-linux-x86_64 | 1.3.0 | 31.55 | 292.33 | 323.88 | OK | |
r-release-linux-x86_64 | 1.3.0 | 33.09 | 288.86 | 321.95 | OK | |
r-release-macos-arm64 | 1.3.0 | 184.00 | OK | |||
r-release-macos-x86_64 | 1.3.0 | 419.00 | OK | |||
r-release-windows-x86_64 | 1.3.0 | 40.00 | 400.00 | 440.00 | OK | |
r-oldrel-macos-arm64 | 1.3.0 | 178.00 | NOTE | |||
r-oldrel-macos-x86_64 | 1.3.0 | 479.00 | NOTE | |||
r-oldrel-windows-x86_64 | 1.3.0 | 46.00 | 722.00 | 768.00 | OK |
Version: 1.3.0
Check: installed package size
Result: NOTE
installed size is 5.5Mb
sub-directories of 1Mb or more:
doc 1.1Mb
libs 3.7Mb
Flavors: r-oldrel-macos-arm64, r-oldrel-macos-x86_64