Last updated on 2025-07-13 04:49:05 CEST.
Flavor | Version | Tinstall | Tcheck | Ttotal | Status | Flags |
---|---|---|---|---|---|---|
r-devel-linux-x86_64-debian-clang | 1.5.4 | 9.32 | 77.06 | 86.38 | NOTE | |
r-devel-linux-x86_64-debian-gcc | 1.5.4 | 6.13 | 52.81 | 58.94 | NOTE | |
r-devel-linux-x86_64-fedora-clang | 1.5.4 | 138.25 | OK | |||
r-devel-linux-x86_64-fedora-gcc | 1.5.4 | 140.65 | OK | |||
r-devel-windows-x86_64 | 1.5.4 | 10.00 | 190.00 | 200.00 | OK | |
r-patched-linux-x86_64 | 1.5.4 | 8.67 | 71.70 | 80.37 | OK | |
r-release-linux-x86_64 | 1.5.4 | 8.12 | 70.57 | 78.69 | OK | |
r-release-macos-arm64 | 1.5.4 | 41.00 | OK | |||
r-release-macos-x86_64 | 1.5.4 | 76.00 | OK | |||
r-release-windows-x86_64 | 1.5.4 | 10.00 | 90.00 | 100.00 | OK | |
r-oldrel-macos-arm64 | 1.5.4 | 39.00 | OK | |||
r-oldrel-macos-x86_64 | 1.5.4 | 62.00 | OK | |||
r-oldrel-windows-x86_64 | 1.5.4 | 14.00 | 257.00 | 271.00 | OK |
Version: 1.5.4
Check: CRAN incoming feasibility
Result: NOTE
Maintainer: ‘Felix Schönbrodt <felix.schoenbrodt@psy.lmu.de>’
No Authors@R field in DESCRIPTION.
Please add one, modifying
Authors@R: c(person(given = c("F.", "D."),
family = "Schönbrodt",
role = "aut"),
person(given = c("M.", "D."),
family = "Back",
role = "aut"),
person(given = c("S.", "C."),
family = "Schmukle",
role = "aut"),
person(given = "Felix",
family = "Schönbrodt",
role = "cre",
email = "felix.schoenbrodt@psy.lmu.de"))
as necessary.
Package CITATION file contains call(s) to old-style citEntry(). Please
use bibentry() instead.
Flavors: r-devel-linux-x86_64-debian-clang, r-devel-linux-x86_64-debian-gcc