CRAN Package Check Results for Package VDJgermlines

Last updated on 2025-07-12 22:49:26 CEST.

Flavor Version Tinstall Tcheck Ttotal Status Flags
r-devel-linux-x86_64-debian-clang 0.1 2.52 27.11 29.63 NOTE
r-devel-linux-x86_64-debian-gcc 0.1 2.35 21.23 23.58 NOTE
r-devel-linux-x86_64-fedora-clang 0.1 47.66 OK
r-devel-linux-x86_64-fedora-gcc 0.1 42.94 OK
r-devel-windows-x86_64 0.1 4.00 46.00 50.00 OK
r-patched-linux-x86_64 0.1 2.66 25.06 27.72 OK
r-release-linux-x86_64 0.1 2.50 25.12 27.62 OK
r-release-macos-arm64 0.1 22.00 OK
r-release-macos-x86_64 0.1 36.00 OK
r-release-windows-x86_64 0.1 4.00 50.00 54.00 OK
r-oldrel-macos-arm64 0.1 19.00 OK
r-oldrel-macos-x86_64 0.1 26.00 OK
r-oldrel-windows-x86_64 0.1 5.00 59.00 64.00 OK

Check Details

Version: 0.1
Check: CRAN incoming feasibility
Result: NOTE Maintainer: ‘Alexander Yermanos <ayermanos@gmail.com>’ No Authors@R field in DESCRIPTION. Please add one, modifying Authors@R: person(given = "Alexander", family = "Yermanos", role = c("aut", "cre"), email = "ayermanos@gmail.com") as necessary. Flavors: r-devel-linux-x86_64-debian-clang, r-devel-linux-x86_64-debian-gcc