Last updated on 2025-07-12 22:49:02 CEST.
Flavor | Version | Tinstall | Tcheck | Ttotal | Status | Flags |
---|---|---|---|---|---|---|
r-devel-linux-x86_64-debian-clang | 0.4.10 | 207.27 | 89.05 | 296.32 | OK | |
r-devel-linux-x86_64-debian-gcc | 0.4.10 | 180.66 | 78.49 | 259.15 | OK | |
r-devel-linux-x86_64-fedora-clang | 0.4.10 | 598.02 | OK | |||
r-devel-linux-x86_64-fedora-gcc | 0.4.10 | 591.62 | OK | |||
r-devel-windows-x86_64 | 0.4.10 | 195.00 | 138.00 | 333.00 | OK | |
r-patched-linux-x86_64 | 0.4.10 | 242.29 | 101.07 | 343.36 | OK | |
r-release-linux-x86_64 | 0.4.10 | 237.60 | 100.24 | 337.84 | OK | |
r-release-macos-arm64 | 0.4.10 | 147.00 | OK | |||
r-release-macos-x86_64 | 0.4.10 | 319.00 | OK | |||
r-release-windows-x86_64 | 0.4.10 | 196.00 | 141.00 | 337.00 | OK | |
r-oldrel-macos-arm64 | 0.4.10 | 146.00 | NOTE | |||
r-oldrel-macos-x86_64 | 0.4.10 | 327.00 | NOTE | |||
r-oldrel-windows-x86_64 | 0.4.10 | 238.00 | 175.00 | 413.00 | OK |
Version: 0.4.10
Check: installed package size
Result: NOTE
installed size is 107.0Mb
sub-directories of 1Mb or more:
libs 106.0Mb
Flavors: r-oldrel-macos-arm64, r-oldrel-macos-x86_64