Last updated on 2024-06-10 10:58:39 CEST.
Flavor | Version | Tinstall | Tcheck | Ttotal | Status | Flags |
---|---|---|---|---|---|---|
r-devel-linux-x86_64-debian-clang | 2.1.4 | 10.50 | 66.30 | 76.80 | OK | |
r-devel-linux-x86_64-debian-gcc | 2.1.4 | 7.83 | 48.01 | 55.84 | OK | |
r-devel-linux-x86_64-fedora-clang | 2.1.4 | 94.50 | NOTE | |||
r-devel-linux-x86_64-fedora-gcc | 2.1.4 | 89.74 | NOTE | |||
r-devel-windows-x86_64 | 2.1.4 | 11.00 | 68.00 | 79.00 | OK | |
r-patched-linux-x86_64 | 2.1.4 | 11.76 | 60.36 | 72.12 | OK | |
r-release-linux-x86_64 | 2.1.4 | 9.32 | 60.74 | 70.06 | OK | |
r-release-macos-arm64 | 2.1.4 | 29.00 | OK | |||
r-release-macos-x86_64 | 2.1.4 | 56.00 | OK | |||
r-release-windows-x86_64 | 2.1.4 | 11.00 | 69.00 | 80.00 | OK | |
r-oldrel-macos-arm64 | 2.1.4 | 33.00 | OK | |||
r-oldrel-macos-x86_64 | 2.1.4 | 50.00 | OK | |||
r-oldrel-windows-x86_64 | 2.1.4 | 14.00 | 78.00 | 92.00 | OK |
Version: 2.1.4
Check: top-level files
Result: NOTE
‘configure’: /bin/bash is not portable
Flavors: r-devel-linux-x86_64-fedora-clang, r-devel-linux-x86_64-fedora-gcc