Last updated on 2025-07-12 22:49:02 CEST.
Flavor | Version | Tinstall | Tcheck | Ttotal | Status | Flags |
---|---|---|---|---|---|---|
r-devel-linux-x86_64-debian-clang | 0.1.3 | 28.80 | 248.33 | 277.13 | NOTE | |
r-devel-linux-x86_64-debian-gcc | 0.1.3 | 20.27 | 178.60 | 198.87 | NOTE | |
r-devel-linux-x86_64-fedora-clang | 0.1.3 | 427.05 | OK | |||
r-devel-linux-x86_64-fedora-gcc | 0.1.3 | 409.83 | OK | |||
r-devel-windows-x86_64 | 0.1.3 | 28.00 | 214.00 | 242.00 | OK | |
r-patched-linux-x86_64 | 0.1.3 | 27.70 | 239.32 | 267.02 | OK | |
r-release-linux-x86_64 | 0.1.3 | 25.52 | 237.69 | 263.21 | OK | |
r-release-macos-arm64 | 0.1.3 | 148.00 | OK | |||
r-release-macos-x86_64 | 0.1.3 | 236.00 | OK | |||
r-release-windows-x86_64 | 0.1.3 | 27.00 | 224.00 | 251.00 | OK | |
r-oldrel-macos-arm64 | 0.1.3 | 122.00 | OK | |||
r-oldrel-macos-x86_64 | 0.1.3 | 198.00 | OK | |||
r-oldrel-windows-x86_64 | 0.1.3 | 36.00 | 285.00 | 321.00 | OK |
Version: 0.1.3
Check: CRAN incoming feasibility
Result: NOTE
Maintainer: ‘Julia Fukuyama <julia.fukuyama@gmail.com>’
The Description field contains
<arXiv:1702.00501>. The package also includes functionality for
Please refer to arXiv e-prints via their arXiv DOI <doi:10.48550/arXiv.YYMM.NNNNN>.
Flavors: r-devel-linux-x86_64-debian-clang, r-devel-linux-x86_64-debian-gcc