CRAN Package Check Results for Package addinsJoaoMelo

Last updated on 2025-07-13 10:48:15 CEST.

Flavor Version Tinstall Tcheck Ttotal Status Flags
r-devel-linux-x86_64-debian-clang 0.1.0 1.50 18.25 19.75 OK
r-devel-linux-x86_64-debian-gcc 0.1.0 1.43 15.36 16.79 OK
r-devel-linux-x86_64-fedora-clang 0.1.0 31.27 OK
r-devel-linux-x86_64-fedora-gcc 0.1.0 29.59 OK
r-devel-windows-x86_64 0.1.0 3.00 45.00 48.00 OK
r-patched-linux-x86_64 0.1.0 1.67 17.50 19.17 OK
r-release-linux-x86_64 0.1.0 1.68 17.38 19.06 OK
r-release-macos-arm64 0.1.0 19.00 OK
r-release-macos-x86_64 0.1.0 24.00 OK
r-release-windows-x86_64 0.1.0 3.00 46.00 49.00 OK
r-oldrel-macos-arm64 0.1.0 16.00 NOTE
r-oldrel-macos-x86_64 0.1.0 23.00 NOTE
r-oldrel-windows-x86_64 0.1.0 4.00 47.00 51.00 NOTE

Check Details

Version: 0.1.0
Check: LazyData
Result: NOTE 'LazyData' is specified without a 'data' directory Flavors: r-oldrel-macos-arm64, r-oldrel-macos-x86_64, r-oldrel-windows-x86_64