Last updated on 2025-07-12 22:49:02 CEST.
Flavor | Version | Tinstall | Tcheck | Ttotal | Status | Flags |
---|---|---|---|---|---|---|
r-devel-linux-x86_64-debian-clang | 0.1.0 | 4.04 | 38.18 | 42.22 | OK | |
r-devel-linux-x86_64-debian-gcc | 0.1.0 | 3.42 | 29.43 | 32.85 | OK | |
r-devel-linux-x86_64-fedora-clang | 0.1.0 | 65.39 | OK | |||
r-devel-linux-x86_64-fedora-gcc | 0.1.0 | 60.67 | OK | |||
r-devel-windows-x86_64 | 0.1.0 | 7.00 | 54.00 | 61.00 | OK | |
r-patched-linux-x86_64 | 0.1.0 | 4.28 | 35.42 | 39.70 | OK | |
r-release-linux-x86_64 | 0.1.0 | 4.26 | 35.48 | 39.74 | OK | |
r-release-macos-arm64 | 0.1.0 | 29.00 | OK | |||
r-release-macos-x86_64 | 0.1.0 | 39.00 | OK | |||
r-release-windows-x86_64 | 0.1.0 | 6.00 | 55.00 | 61.00 | OK | |
r-oldrel-macos-arm64 | 0.1.0 | 24.00 | NOTE | |||
r-oldrel-macos-x86_64 | 0.1.0 | 37.00 | NOTE | |||
r-oldrel-windows-x86_64 | 0.1.0 | 8.00 | 65.00 | 73.00 | NOTE |
Version: 0.1.0
Check: LazyData
Result: NOTE
'LazyData' is specified without a 'data' directory
Flavors: r-oldrel-macos-arm64, r-oldrel-macos-x86_64, r-oldrel-windows-x86_64