Last updated on 2025-07-12 22:49:02 CEST.
Flavor | Version | Tinstall | Tcheck | Ttotal | Status | Flags |
---|---|---|---|---|---|---|
r-devel-linux-x86_64-debian-clang | 0.5.0 | 9.32 | 72.23 | 81.55 | NOTE | |
r-devel-linux-x86_64-debian-gcc | 0.5.0 | 6.57 | 50.22 | 56.79 | NOTE | |
r-devel-linux-x86_64-fedora-clang | 0.5.0 | 127.30 | NOTE | |||
r-devel-linux-x86_64-fedora-gcc | 0.5.0 | 131.00 | NOTE | |||
r-devel-windows-x86_64 | 0.5.0 | 13.00 | 93.00 | 106.00 | NOTE | |
r-patched-linux-x86_64 | 0.5.0 | 10.25 | 67.49 | 77.74 | NOTE | |
r-release-linux-x86_64 | 0.5.0 | 9.29 | 66.65 | 75.94 | NOTE | |
r-release-macos-arm64 | 0.5.0 | 46.00 | NOTE | |||
r-release-macos-x86_64 | 0.5.0 | 88.00 | NOTE | |||
r-release-windows-x86_64 | 0.5.0 | 12.00 | 95.00 | 107.00 | NOTE | |
r-oldrel-macos-arm64 | 0.5.0 | 50.00 | OK | |||
r-oldrel-macos-x86_64 | 0.5.0 | 132.00 | OK | |||
r-oldrel-windows-x86_64 | 0.5.0 | 16.00 | 110.00 | 126.00 | OK |
Version: 0.5.0
Check: DESCRIPTION meta-information
Result: NOTE
Missing dependency on R >= 4.1.0 because package code uses the pipe
|> or function shorthand \(...) syntax added in R 4.1.0.
File(s) using such syntax:
‘cm_formula.R’ ‘tag_add.R’
Flavors: r-devel-linux-x86_64-debian-clang, r-devel-linux-x86_64-debian-gcc, r-devel-linux-x86_64-fedora-clang, r-devel-linux-x86_64-fedora-gcc, r-devel-windows-x86_64, r-patched-linux-x86_64, r-release-linux-x86_64, r-release-macos-arm64, r-release-macos-x86_64, r-release-windows-x86_64