Last updated on 2025-07-13 04:48:39 CEST.
Flavor | Version | Tinstall | Tcheck | Ttotal | Status | Flags |
---|---|---|---|---|---|---|
r-devel-linux-x86_64-debian-clang | 1.0.1 | 67.85 | 349.75 | 417.60 | OK | |
r-devel-linux-x86_64-debian-gcc | 1.0.1 | 43.62 | 234.64 | 278.26 | OK | |
r-devel-linux-x86_64-fedora-clang | 1.0.1 | 660.07 | OK | |||
r-devel-linux-x86_64-fedora-gcc | 1.0.1 | 634.99 | OK | |||
r-devel-windows-x86_64 | 1.0.1 | 72.00 | 318.00 | 390.00 | OK | |
r-patched-linux-x86_64 | 1.0.1 | 66.15 | 333.58 | 399.73 | OK | |
r-release-linux-x86_64 | 1.0.1 | 63.22 | 331.46 | 394.68 | OK | |
r-release-macos-arm64 | 1.0.1 | 150.00 | OK | |||
r-release-macos-x86_64 | 1.0.1 | 344.00 | OK | |||
r-release-windows-x86_64 | 1.0.1 | 71.00 | 332.00 | 403.00 | OK | |
r-oldrel-macos-arm64 | 1.0.1 | 224.00 | NOTE | |||
r-oldrel-macos-x86_64 | 1.0.1 | 355.00 | NOTE | |||
r-oldrel-windows-x86_64 | 1.0.1 | 90.00 | 438.00 | 528.00 | OK |
Version: 1.0.1
Check: installed package size
Result: NOTE
installed size is 6.7Mb
sub-directories of 1Mb or more:
doc 1.6Mb
libs 4.3Mb
Flavors: r-oldrel-macos-arm64, r-oldrel-macos-x86_64