Last updated on 2025-07-13 04:48:40 CEST.
Flavor | Version | Tinstall | Tcheck | Ttotal | Status | Flags |
---|---|---|---|---|---|---|
r-devel-linux-x86_64-debian-clang | 0.3.5 | 6.72 | 66.00 | 72.72 | OK | |
r-devel-linux-x86_64-debian-gcc | 0.3.5 | 4.38 | 46.89 | 51.27 | OK | |
r-devel-linux-x86_64-fedora-clang | 0.3.5 | 115.45 | OK | |||
r-devel-linux-x86_64-fedora-gcc | 0.3.5 | 125.51 | OK | |||
r-devel-windows-x86_64 | 0.3.5 | 8.00 | 75.00 | 83.00 | OK | |
r-patched-linux-x86_64 | 0.3.5 | 6.04 | 60.53 | 66.57 | OK | |
r-release-linux-x86_64 | 0.3.5 | 7.03 | 59.49 | 66.52 | OK | |
r-release-macos-arm64 | 0.3.5 | 50.00 | OK | |||
r-release-macos-x86_64 | 0.3.5 | 73.00 | OK | |||
r-release-windows-x86_64 | 0.3.5 | 10.00 | 78.00 | 88.00 | OK | |
r-oldrel-macos-arm64 | 0.3.5 | 40.00 | NOTE | |||
r-oldrel-macos-x86_64 | 0.3.5 | 70.00 | NOTE | |||
r-oldrel-windows-x86_64 | 0.3.5 | 11.00 | 90.00 | 101.00 | NOTE |
Version: 0.3.5
Check: LazyData
Result: NOTE
'LazyData' is specified without a 'data' directory
Flavors: r-oldrel-macos-arm64, r-oldrel-macos-x86_64, r-oldrel-windows-x86_64